etermine t(-5).
8
Let v(l) = -2*l**3 - l - 1. Let w be ((-6)/(-24))/(1/8). Suppose 3*c + 21 = -5*g, 14 = -6*c + 2*c - w*g. Give v(c).
17
Suppose -3*c - 17 + 35 = 0. Let w(a) = a**3 - 5*a**2 - 4*a - 5. Calculate w(c).
7
Let p(k) = -k**2 - k. Let o(l) = -2*l**2 - 2*l. Let m(y) = 2*o(y) - 3*p(y). Let s = -4 + 7. Let b be s/((-3 + 1)/2). What is m(b)?
-6
Let l(z) be the third derivative of -1/12*z**4 + 0 - z**2 + 1/20*z**5 + 0*z + 0*z**3 - 1/120*z**6. Let a be (2 + (-6)/4)*4. What is l(a)?
0
Let p(z) be the third derivative of -1/24*z**4 + 1/120*z**6 + 2*z**2 + 0*z + 1/20*z**5 - 2/3*z**3 + 0. Give p(-3).
-1
Let a(p) = -2*p**2 + 4*p + 1. Let v(n) = -n**2 + n. Let g(m) = -a(m) + 5*v(m). Suppose -2*k = -2*u - 4, 4*k + 3*u - 22 = -0*u. Suppose -4*b + k = -0. Give g(b).
-3
Let w(g) be the third derivative of g**4/24 + 5*g**3/3 + 17*g**2. Calculate w(-5).
5
Let q = 10 - 6. Let o = -12 - -12. Let i(c) = -3*c + o*c**2 + 4*c**2 + 3*c**2 - c**3 - 3*c**2 + 3. Give i(q).
-9
Let m(u) = u + 5. Suppose -12 = 5*d - d. What is m(d)?
2
Let z(g) = -4*g + 3. Suppose 4*j + 5 = 1, -4*j = 2*d. What is z(d)?
-5
Let b(i) = i**2 - 3*i - 1. Let w(k) = -2 - 1 - k + 0. Suppose -5*f + 5 = 40. Let p be w(f). Determine b(p).
3
Suppose 3*m - 30 = -5*p, 2*m - 27 + 3 = -4*p. Let h(b) = b**2 - 7*b + 9. What is h(p)?
3
Let x(y) = -3*y**3 - y**2 + y + 1. Let a be x(-1). Suppose l = -4*d + 4*l + 3, -d = 3*l - 12. Let z(s) = 2*s**2 - s**3 - 4 - d*s + a*s**2 + 1. Give z(3).
-3
Let q(k) = -k - 1. Let a(m) be the third derivative of -m**4/12 - m**3/3 + 4*m**2. Let f(i) = 4*a(i) - 5*q(i). Calculate f(-2).
3
Let c(y) be the second derivative of y**3/6 + y**2 + 2*y. Let k be (-3 + 0)/(24/32). Determine c(k).
-2
Suppose 5*d - 6 = -4*f - 24, -3*f - 5*d - 16 = 0. Suppose -1 = -h + 2. Let u(o) = -1 - o**h + 1 - 2*o**2 + 1 + o. Determine u(f).
-1
Let k(b) = 4*b**2 - 7*b + 2. Let r(y) = y**2 - y. Let o(g) = k(g) - 5*r(g). Calculate o(2).
-6
Let w(u) be the second derivative of u**2 - u + 2/3*u**3 + 0 + 1/12*u**4. Calculate w(-3).
-1
Let i be 2 + -3*(-2 + (1 - -2)). Let r(h) = 6*h**3 + h**2 - 1. Give r(i).
-6
Let v(d) = -d**3 - d**2 + 2*d - 1. Suppose -3*g + 10 = 4*a, 3*a + 7 = 4*a + 3*g. Determine v(a).
-1
Let x(s) be the third derivative of -s**4/24 - 11*s**3/6 + 2*s**2. What is x(0)?
-11
Let a(p) = 4*p + 9. Let u(f) = 7 + 14 - 3 + 8*f - f. Let x(c) = -5*a(c) + 3*u(c). Calculate x(0).
9
Let c(x) = 5*x**3 - x. Let s(t) = t + 9. Let v be s(-6). Let n(m) = m**3 + 0*m**2 - m**v - 9 + m**3 + 10*m**2 - m. Let p be n(-10). Calculate c(p).
4
Suppose 5*j - 13 = 12. Suppose -z - j = 4*z - u, -z - u + 5 = 0. Let v(s) = -s + 9. What is v(z)?
9
Let c(l) = -4*l + 5. Suppose 4*r - 19 = -w - r, 2*r = 5*w - 14. Give c(w).
-11
Let t(m) = -3*m**2 - 2*m. Let u(v) = -4*v**2 - 3*v. Let x(z) = 3*t(z) - 2*u(z). Determine x(-2).
-4
Suppose w + 3 + 8 = 2*f, 2*f + 4 = -4*w. Suppose -b - 3 = -r, -f*r - 14 = 3*b - 2*r. Let c(h) = 2*h - 7 - 2*h - h. Determine c(b).
-3
Let r(a) = -a + 5. Let o(l) be the third derivative of 0*l + 5/6*l**3 + 0 - 2*l**2 + 0*l**4 - 1/60*l**5. Let g be o(0). Determine r(g).
0
Let t(k) = k**2 + k - 1. Let o(a) = a**3 - 12*a + 12. Let n(f) = o(f) + 6*t(f). Calculate n(-7).
-1
Let i(f) = f - 3. Let c(g) = g**2 + 2*g + 1. Let h be c(-2). Let q(z) = z - z + 2 + h + z. Let y be q(-6). Determine i(y).
-6
Let a(i) = -6*i - 13. Let x(s) = -3*s - 6. Let k(j) = -2*a(j) + 5*x(j). Let t be (21/(-14))/((-1)/(-2)). Calculate k(t).
5
Suppose 15*r + 8 = 19*r. Let h(g) = -7*g - 2. Calculate h(r).
-16
Let f = -6 - -10. Suppose -2*t + 2 = -f. Let k(r) = -2*r + 2*r + t*r - 11 - 4*r. What is k(-5)?
-6
Let q be (-3 - 0)*(2 - 1). Let z(f) = -f + 2. Give z(q).
5
Let j(r) be the second derivative of 0 - 1/30*r**5 - r + 0*r**2 - 1/6*r**3 - 5/24*r**4 + 1/360*r**6. Let s(m) be the second derivative of j(m). Calculate s(4).
-5
Let i(t) = t**3 + 4*t**3 + 0*t - 2*t**2 + 4*t - 3*t**3 - 1. Let l(z) = -5*z**3 + 6*z**2 - 11*z + 3. Let p = -3 + 0. Let j(f) = p*l(f) - 8*i(f). Determine j(-2).
-3
Let n(w) be the third derivative of 0*w + 4*w**2 + 1/6*w**3 - 1/4*w**4 + 0 - 1/60*w**5. Calculate n(-7).
-6
Let h = 0 + 9. Suppose 3*t = -0 - h. Let q(j) = 9*j**3 + 3*j**2 - 15*j - 5. Let z(w) = 5*w**3 + 2*w**2 - 8*w - 3. Let i(p) = -6*q(p) + 11*z(p). Give i(t).
0
Let r(t) = -15*t - 29. Let g(s) = -7*s - 14. Let v(k) = -13*g(k) + 6*r(k). Suppose -2 + 0 = -2*i. Let w = i + -6. Calculate v(w).
3
Let n = -15 - -11. Let o(u) = u**3 + 4*u**2 + u + 5. Let m be o(n). Let f(d) = 0 + 5 - 3 - m - d. Give f(-1).
2
Let j(n) = -n**2 + 6*n - 6. Let c = 7 - 2. Let d = 5 - c. Suppose 5*h - 29 + 9 = d. Calculate j(h).
2
Let x(i) = -310*i**3 + 4*i**2 + 3*i**2 + 5 + 311*i**3. Calculate x(-7).
5
Let h(p) be the first derivative of 3*p**2 + p - 9. What is h(-2)?
-11
Suppose 3*t = -i + 6, -3*t - 2*i + 12 = 3. Let c = t - 1. Suppose 2*s - 5*g + 1 = c, 4*g - 12 = 2*s - 6*s. Let k(p) = p**2 - 3*p + 3. Give k(s).
1
Suppose d + 1 = -0. Let w(g) = 1. Let o(j) = -3 + 7*j**2 - 2*j**2 + 7 - 6. Let c(u) = o(u) + 3*w(u). Calculate c(d).
6
Suppose 3*d - 8*d = 0. Let b(m) = -m**3 - 1 + 2*m**2 + 0*m**3 - 3*m**2 + 0*m**3. Determine b(d).
-1
Let p(s) = s**2 + 4*s - 8. Let y be p(-6). Suppose 0 = n + y*u + 23, -3*n = 5*u + 37 - 3. Let t(z) = -z**3 - 3*z**2 - 2*z - 2. What is t(n)?
4
Let j be 1/(-4) - (-3)/(-4). Let z be 20/30*(-1 - 5/(-2)). Let q = z + j. Let s(t) = t - 5. Give s(q).
-5
Let k(c) be the first derivative of -1/3*c**3 + 6*c + 1/4*c**4 + 2 - 1/2*c**2. What is k(0)?
6
Let j(l) = -2*l**2 + 1 + 6*l**3 - l - l + 3*l**2. Suppose -11 = 9*g - 20*g. Calculate j(g).
6
Let l be (49/(-2))/((-5)/10). Let z be 26/(-7) - 14/l. Let i = 1 + z. Let w(k) = -k**2 + 4. Determine w(i).
-5
Let k(h) = h - 13. Let x = -23 - -23. Calculate k(x).
-13
Let k(r) = -r + 5. Let j = 47 + -39. Calculate k(j).
-3
Let q(g) = -3 + 3 + 4*g**2 - 4*g - 5*g**2 + 1. Give q(-4).
1
Let g be 3/6*-2 - -2. Let l(k) = k**2 + k**2 - g + k**2 - 6*k - 5*k**2. Determine l(-4).
-9
Let z(f) = f**3 + 3*f**2 - f - 4. Let v be 2/4*(10 + 0). Let u be 1 - 2/(2/v). Let p be 3 + -1 + u + -1. Determine z(p).
-1
Let y(t) = t + 6. Let s(d) = -6*d + 1. Let r(c) = 11*c - 2. Let g(v) = -4*r(v) - 7*s(v). Let p be g(3). What is y(p)?
1
Let u(b) = 10*b**2 + 6*b - 9*b**2 + 11 + 7*b. What is u(-10)?
-19
Let g(z) = -9*z + 2. Let x(a) = 4*a - 1. Let c(d) = 6*g(d) + 14*x(d). What is c(2)?
2
Let v(a) be the second derivative of a**4/12 + a**3/6 - a**2 - 7*a. What is v(-2)?
0
Let r(f) be the first derivative of -f**4/4 - 5*f**3/3 + 7*f**2/2 + 6*f + 4. Calculate r(-6).
0
Let v(s) = 11*s - 3*s + 2 - 5*s - s**2 + 2*s. Calculate v(7).
-12
Let l(q) be the third derivative of -q**5/60 + q**4/6 + 5*q**2. Determine l(3).
3
Let i(l) = 2*l + 3*l - 5*l + 1 + l. Let v(y) = -y**2 - 2*y + 7. Let u(c) = -3*i(c) + v(c). Suppose 0 - 3 = k. Determine u(k).
10
Suppose 1 = 5*j - 19. Suppose c = 3*c + 8, -j*d + 12 = -c. Let r(v) = -v**3 + d*v + 4 - 2*v + 5*v**2 - 4*v. Give r(4).
4
Let n(s) = -s + 10. Let r = 63 - 56. What is n(r)?
3
Let m(z) = 3*z**3 - 59 + 59 - 2*z**3 + z**2. Calculate m(-2).
-4
Suppose -3*b + 21 = 3*q, 0 = 2*b - q - 1 - 10. Let t be 12/9 - (-4)/b. Let n(w) = -2*w**2 + w**3 - w - 2 + 5 - 2*w. Determine n(t).
-3
Let z(a) be the third derivative of a**6/120 - a**5/15 - a**4/8 - 5*a**3/6 + 32*a**2. Suppose 0 = -w + 5. Determine z(w).
5
Suppose -33 = 2*p + 5*c, 3*p + c + 9 = -8. Let x be (6/p)/(3/8). Let o(l) = l**2 + 4*l - 2. Calculate o(x).
-2
Let m be (-12)/(-8)*(-4)/(-6). Let a(k) = 3 - k - m + 0*k. Let b(w) = -w**3 + 6*w**2 + w - 2. Let i be b(6). What is a(i)?
-2
Let g(p) be the third derivative of 0*p + 1/24*p**4 + 0 - 6*p**2 + p**3. Give g(-6).
0
Let d be 34/5 + (-3)/(-15). Let a(b) = -2*b + 4*b + b - d + 5. Calculate a(-2).
-8
Let d(w) = -3*w**2 + 25*w - 22. Let u(v) = -v**2 + 8*v - 7. Let o(t) = 2*d(t) - 7*u(t). Suppose 10 = 2*c + 3*c - 5*r, -5*c + r + 26 = 0. Calculate o(c).
5
Let r(w) = -6*w**2 + w**3 - 1 + 5 - 23*w + 21*w. Give r(6).
-8
Let c(n) = n**2 + 3*n + 1. Let f(v) = -2*v - 2. Let z be f(-2). Suppose 0 = -b + 2*x - 12, b + z*b - 14 = -4*x. Let t be b/((-3)/(-6) - 0). Calculate c(t).
5
Let q(k) = -182*k**2 + k + 3*k + 179*k**2 - 3*k. What is q(1)?
-2
Let r(s) be the first derivative of -1 - 1/3*s**3 + 2*s - 3/2*s**2. Let v = 2 -